hundreds digit of 74620733?
7
What is the units digit of 7868285734?
4
What is the thousands digit of 14481534?
1
What is the hundred millions digit of 237354783?
2
What is the hundred millions digit of 4119173186?
1
What is the hundred thousands digit of 24437493?
4
What is the thousands digit of 138403966?
3
What is the thousands digit of 3999786630?
6
What is the tens digit of 2110628257?
5
What is the ten millions digit of 74276553?
7
What is the ten thousands digit of 858636779?
3
What is the hundred millions digit of 125841223?
1
What is the ten millions digit of 42736742?
4
What is the tens digit of 32451282?
8
What is the hundred thousands digit of 360990857?
9
What is the billions digit of 1891465237?
1
What is the ten millions digit of 6707183984?
0
What is the ten millions digit of 336116028?
3
What is the hundreds digit of 1135996449?
4
What is the units digit of 300861108?
8
What is the units digit of 165323583?
3
What is the hundred thousands digit of 543476752?
4
What is the millions digit of 64121323?
4
What is the hundred thousands digit of 55804262?
8
What is the ten thousands digit of 770674147?
7
What is the ten millions digit of 359477926?
5
What is the hundreds digit of 2403919622?
6
What is the thousands digit of 55837985?
7
What is the millions digit of 48971492?
8
What is the ten thousands digit of 3155537885?
3
What is the hundreds digit of 182290430?
4
What is the millions digit of 2308023268?
8
What is the thousands digit of 4058041239?
1
What is the hundreds digit of 88456098?
0
What is the millions digit of 1284276018?
4
What is the hundred thousands digit of 149041317?
0
What is the thousands digit of 4872958?
2
What is the tens digit of 65793572?
7
What is the tens digit of 212643222?
2
What is the thousands digit of 23185983?
5
What is the hundred thousands digit of 383933953?
9
What is the hundred millions digit of 1373413013?
3
What is the tens digit of 598775236?
3
What is the ten thousands digit of 58867411?
6
What is the billions digit of 1919817877?
1
What is the hundred thousands digit of 16086816?
0
What is the units digit of 497282240?
0
What is the units digit of 52838246?
6
What is the hundred millions digit of 6671818796?
6
What is the units digit of 25822095?
5
What is the hundred thousands digit of 1587157999?
1
What is the tens digit of 15177826?
2
What is the ten thousands digit of 653536876?
3
What is the units digit of 170008835?
5
What is the hundred thousands digit of 2031236194?
2
What is the units digit of 1283096106?
6
What is the thousands digit of 3759949334?
9
What is the millions digit of 535433972?
5
What is the units digit of 6192671759?
9
What is the ten thousands digit of 3386827805?
2
What is the hundred millions digit of 482134926?
4
What is the hundreds digit of 42453317?
3
What is the thousands digit of 42390564?
0
What is the thousands digit of 3931841693?
1
What is the millions digit of 738061430?
8
What is the tens digit of 525747084?
8
What is the ten millions digit of 30098228?
3
What is the millions digit of 32048439?
2
What is the tens digit of 471061800?
0
What is the hundred thousands digit of 672575124?
5
What is the hundreds digit of 3624489?
4
What is the billions digit of 7239063037?
7
What is the hundred thousands digit of 183607948?
6
What is the hundred thousands digit of 1589314835?
3
What is the ten millions digit of 210736198?
1
What is the ten thousands digit of 7922722913?
2
What is the ten thousands digit of 26513769?
1
What is the hundred thousands digit of 63622620?
6
What is the thousands digit of 1212187509?
7
What is the tens digit of 66800313?
1
What is the tens digit of 1069599003?
0
What is the thousands digit of 158068037?
8
What is the ten thousands digit of 178711396?
1
What is the millions digit of 765225303?
5
What is the ten millions digit of 1220242237?
2
What is the ten millions digit of 54517230?
5
What is the billions digit of 4101059713?
4
What is the hundreds digit of 347276961?
9
What is the ten thousands digit of 157211909?
1
What is the ten millions digit of 1603981359?
0
What is the ten millions digit of 55159146?
5
What is the tens digit of 12514292?
9
What is the units digit of 90354728?
8
What is the ten thousands digit of 373049828?
4
What is the tens digit of 5599292303?
0
What is the tens digit of 84808039?
3
What is the millions digit of 37435674?
7
What is the thousands digit of 1379157176?
7
What is the thousands digit of 271206491?
6
What is the hundred thousands digit of 51314903?
3
What is the hundred thousands digit of 47385061?
3
What is the hundreds digit of 170058636?
6
What is the millions digit of 3969924648?
9
What is the billions digit of 2455198699?
2
What is the thousands digit of 114382277?
2
What is the millions digit of 99007954?
9
What is the billions digit of 3085949286?
3
What is the units digit of 2431859249?
9
What is the tens digit of 71766814?
1
What is the hundred thousands digit of 38530785?
5
What is the tens digit of 3698034805?
0
What is the units digit of 63800802?
2
What is the thousands digit of 171180871?
0
What is the ten thousands digit of 247631547?
3
What is the hundred thousands digit of 2746246832?
2
What is the hundred millions digit of 395467029?
3
What is the hundred millions digit of 1023473788?
0
What is the thousands digit of 129899312?
9
What is the tens digit of 86035952?
5
What is the hundred thousands digit of 5967317074?
3
What is the hundreds digit of 3458829717?
7
What is the millions digit of 296575887?
6
What is the ten millions digit of 183123852?
8
What is the ten millions digit of 2538597046?
3
What is the units digit of 2174400660?
0
What is the units digit of 75428187?
7
What is the ten millions digit of 758356925?
5
What is the ten thousands digit of 27974272?
7
What is the tens digit of 464533297?
9
What is the ten thousands digit of 956308073?
0
What is the thousands digit of 796711553?
1
What is the units digit of 482205924?
4
What is the tens digit of 142292945?
4
What is the millions digit of 35083681?
5
What is the tens digit of 3486948?
4
What is the thousands digit of 468417734?
7
What is the thousands digit of 450405104?
5
What is the thousands digit of 477483991?
3
What is the ten thousands digit of 1172371290?
7
What is the billions digit of 1436083631?
1
What is the ten millions digit of 12108103?
1
What is the thousands digit of 23142477?
2
What is the units digit of 1001206216?
6
What is the tens digit of 8807328813?
1
What is the thousands digit of 69511783?
1
What is the ten thousands digit of 15894071?
9
What is the units digit of 28234152?
2
What is the millions digit of 210293529?
0
What is the units digit of 2640848706?
6
What is the millions digit of 13573685?
3
What is the millions digit of 192668532?
2
What is the hundred thousands digit of 1570483032?
4
What is the hundreds digit of 66164480?
4
What is the hundred millions digit of 365976587?
3
What is the hundred thousands digit of 86763360?
7
What is the hundreds digit of 200996680?
6
What is the hundred thousands digit of 486709653?
7
What is the millions digit of 205647986?
5
What is the units digit of 5531491041?
1
What is the ten millions digit of 12905102?
1
What is the thousands digit of 2678022030?
2
What is the hundred millions digit of 4361845948?
3
What is the millions digit of 105033000?
5
What is the tens digit of 306109367?
6
What is the millions digit of 3205298959?
5
What is the ten millions digit of 66973333?
6
What is the ten thousands digit of 127733050?
3
What is the units digit of 127367688?
8
What is the millions digit of 184855332?
4
What is the tens digit of 195180401?
0
What is the ten millions digit of 780790595?
8
What is the hundred thousands digit of 390890766?
8
What is the hundreds digit of 5246613572?
5
What is the thousands digit of 2295821184?
1
What is the hundred millions digit of 685138020?
6
What is the ten millions digit of 149700288?
4
What is the thousands digit of 47445662?
5
What is the thousands digit of 109259206?
9
What is the millions digit of 259791673?
9
What is the hundreds digit of 2481679248?
2
What is the units digit of 1143311115?
5
What is the hundreds digit of 682048737?
7
What is the ten millions digit of 37936225?
3
What is the 